) = 23*c**2 - 3*c + 8. Give n(4).
364
Let b(x) = -21*x + 856. What is b(37)?
79
Let t(v) = -v**3 + 115*v**2 + 169*v - 6139. What is t(116)?
9
Let q(f) = -8*f**3 - f**2 - 2*f - 2. Determine q(-1).
7
Let b(y) = -y + 96. Calculate b(-24).
120
Let b(c) = -c**3 + 71*c**2 + 546*c - 70. Give b(78).
-70
Let f(j) = -j**2 + 15*j - 43. Calculate f(4).
1
Let t(l) = -23*l - 271. Give t(-12).
5
Let y(c) = 96*c - 113. Calculate y(4).
271
Let n(w) = -92*w - 8088. Calculate n(-88).
8
Let b(g) = g**3 + g**2 + 13*g + 98. Calculate b(-4).
-2
Let i(l) = -33*l**2 + 470*l + 382. Calculate i(15).
7
Let b(w) = 50*w + 7299. Give b(-146).
-1
Let p(v) = 7*v**2 + 11*v - 4. Determine p(-3).
26
Let n(o) = -3*o**2 + 45*o + 49. Determine n(15).
49
Let q(c) = -c**3 - 59*c**2 - 563*c + 60. What is q(-47)?
13
Let i(t) = t**3 + 22*t**2 + 24*t - 65. What is i(-17)?
972
Let p(l) = -72*l + 1117. Give p(15).
37
Let o(p) = -p**2 - 36*p + 179. Give o(-44).
-173
Let d(w) = -39*w - 542. Give d(-21).
277
Let u(x) = -240*x - 15362. Give u(-64).
-2
Let r(g) = -8*g - 122. What is r(0)?
-122
Let g(f) = -7*f**2 + 122*f - 42. Determine g(17).
9
Let u(h) = h**3 - 15*h**2 - 92*h + 872. Give u(6).
-4
Let v(y) = y**2 + 59*y - 428. Calculate v(-65).
-38
Let u(f) = -4*f**2 - 163*f + 9. Determine u(-41).
-32
Let u(s) = 3929*s - 35379. Calculate u(9).
-18
Let b(o) = 34*o + 941. Calculate b(-27).
23
Let u(c) = -c**3 - 70*c**2 + 143*c - 63. Calculate u(-72).
9
Let r(h) = 2*h**2 + 18*h - 33. Calculate r(4).
71
Let i(f) = -18*f + 67. Give i(10).
-113
Let g(m) = -5*m**2 + 501*m + 1518. Give g(-3).
-30
Let f(q) = -q**2 + 92*q - 516. Determine f(86).
0
Let f(o) = -o**2 - 7*o + 369. Give f(16).
1
Let v(x) = 2*x**3 + 3*x**2 + 2*x + 27. Give v(-3).
-6
Let c(t) = 16*t - 222. Give c(27).
210
Let c(n) = -3*n**2 - 279*n - 1097. What is c(-4)?
-29
Let j(i) = 150*i - 242. Determine j(-3).
-692
Let g(c) = c**3 + 28*c**2 - 37*c + 700. What is g(-30)?
10
Let g(c) = -c**3 + 32*c**2 + 901*c - 23. Determine g(50).
27
Let i(g) = 108*g - 2923. What is i(29)?
209
Let r(o) = -o**2 - 18*o + 41. What is r(2)?
1
Let o(m) = -337*m + 23598. Give o(70).
8
Let v(a) = a**3 - 12*a**2 - 125*a + 1320. Determine v(14).
-38
Let v(z) = -108*z - 236. Calculate v(-3).
88
Let i(p) = 34*p + 501. Calculate i(-7).
263
Let s(g) = 7*g**3 + 117*g**2 + 83*g + 56. Give s(-16).
8
Let n(b) = 2*b**2 - 53*b - 57. Calculate n(27).
-30
Let y(j) = j**2 + 53*j + 189. Determine y(-50).
39
Let k(n) = n**3 - 9*n**2 - 2*n + 113. What is k(8)?
33
Let k(v) = -v**2 + 603*v - 8795. Determine k(15).
25
Let h(t) = -t**2 + 293*t - 1154. Determine h(4).
2
Let p(f) = -4*f**2 + 58*f - 166. Calculate p(3).
-28
Let k(n) = -3*n**3 + 49*n**2 - 15*n - 27. Give k(16).
-11
Let r(l) = -4*l**2 + 92*l + 10. Calculate r(25).
-190
Let o(d) = -115*d - 49. Calculate o(-1).
66
Let i(g) = 1300*g - 10395. What is i(8)?
5
Let s(l) = -l**3 + 5*l**2 + 52*l - 262. What is s(7)?
4
Let r(x) = -x**3 + 35*x**2 - 97*x + 21. Give r(32).
-11
Let w(r) = -r**2 - 105*r + 1679. Calculate w(14).
13
Let s(d) = 4*d**3 - 17*d**2 - d + 69. Give s(2).
31
Let o(h) = -321*h - 43025. What is o(-134)?
-11
Let h(d) = -d**3 - 26*d**2 - 63*d + 21. Determine h(-3).
3
Let z(m) = -91*m + 72. What is z(4)?
-292
Let x(g) = -12*g**2 - 388*g - 1900. Calculate x(-6).
-4
Let c(p) = p**2 - 28*p - 335. What is c(36)?
-47
Let q(i) = -30*i + 461. What is q(17)?
-49
Let t(o) = -4*o**2 - 262*o + 8563. Give t(24).
-29
Let g(c) = c**2 + 706*c + 5579. Give g(-8).
-5
Let y(b) = 2*b**2 + 215*b - 768. What is y(-111)?
9
Let p(b) = -8*b**2 - 214*b + 11. Give p(-27).
-43
Let t(h) = -h**3 - 58*h**2 + 61*h + 57. What is t(-59)?
-61
Let i(c) = -2*c**3 + 6*c**2 - 8. Give i(5).
-108
Let r(u) = -u**3 + 11*u**2 - 33*u + 66. Give r(8).
-6
Let y(i) = -i**2 + 61*i + 1206. Calculate y(78).
-120
Let x(q) = -9*q + 388. Calculate x(49).
-53
Let l(f) = 6*f**2 + 88*f + 4. Calculate l(-12).
-188
Let s(i) = 59*i - 669. What is s(13)?
98
Let d(x) = -6*x + 206. Calculate d(12).
134
Let g(b) = 2*b**3 - 38*b**2 - 133*b - 10. What is g(22)?
-32
Let l(c) = 15*c**2 + 46*c + 4. Give l(-3).
1
Let c(i) = 8*i**2 - 31*i - 4. Give c(7).
171
Let t(i) = 15*i - 389. Determine t(25).
-14
Let f(a) = -448*a**3 + 2*a + 3. Calculate f(-1).
449
Let j(k) = -7*k + 421. Give j(51).
64
Let y(j) = -211*j**2 + 5486*j - 1. Give y(26).
-1
Let u(x) = -3*x**3 + 13*x**2 + 83*x + 43. Give u(8).
3
Let p(b) = -8*b + 111. What is p(13)?
7
Let x(c) = -66*c + 7004. Determine x(106).
8
Let u(w) = -w**3 + 11*w**2 + 7*w + 71. Calculate u(13).
-176
Let n(b) = 2*b**2 - 71*b - 354. Calculate n(40).
6
Let r(g) = 2*g**2 - 51*g + 281. What is r(15)?
-34
Let c(s) = 19*s**2 + 245*s - 14. Give c(-13).
12
Let z(t) = t**3 + 29*t**2 - 55*t + 194. What is z(-31)?
-23
Let k(m) = 38*m**2 + 12*m + 3. What is k(5)?
1013
Let u(l) = 144*l - 295. Give u(2).
-7
Let i(z) = z**3 - 35*z**2 + 94*z + 51. Give i(32).
-13
Let b(x) = -2*x**2 - 2*x + 91. What is b(-7)?
7
Let c(t) = -t**3 + 6*t**2 - 2*t + 19. What is c(6)?
7
Let a(v) = -12*v + 398. What is a(34)?
-10
Let m(r) = 573*r + 1161. Give m(-2).
15
Let a(r) = -11*r + 656. What is a(58)?
18
Let n(z) = z**3 + 86*z**2 - 57*z + 2634. Give n(-87).
24
Let n(x) = -2475*x - 17370. Determine n(-7).
-45
Let f(k) = 2*k**2 - 4. Determine f(3).
14
Let o(s) = 6*s**2 + 46*s - 359. What is o(5)?
21
Let z(k) = -k**2 - 2767*k + 24988. Calculate z(9).
4
Let b(r) = 2*r**2 - 2*r - 17. Calculate b(0).
-17
Let x(r) = r**3 + 14*r**2 - r + 42. Calculate x(-14).
56
Let c(q) = -2*q**3 - 87*q**2 + 42*q - 24. Calculate c(-44).
64
Let t(u) = -u**3 - 8*u**2 + 48*u + 388. Calculate t(-8).
4
Let u(q) = -2*q**2 + 178*q + 1328. Give u(96).
-16
Let g(l) = 2*l**3 - 73*l**2 + 15*l + 712. What is g(36)?
-44
Let h(x) = -x**2 + 55*x + 370. Give h(-6).
4
Let n(o) = o**2 + 294*o + 2591. What is n(-9)?
26
Let a(p) = -p**3 + 27*p**2 + 193*p + 158. Determine a(33).
-7
Let c(t) = -24*t**2 + 39*t + 7. What is c(2)?
-11
Let j(r) = 582*r + 4651. Calculate j(-8).
-5
Let c(x) = 18*x**2 - 176*x + 279. Calculate c(2).
-1
Let r(l) = 258*l + 3878. Calculate r(-15).
8
Let q(u) = -44*u**2 + 7564*u + 681. Determine q(172).
-7
Let f(v) = -v**3 - 173*v**2 + 4*v + 685. Determine f(-173).
-7
Let u(v) = 2*v**2 - 110*v + 215. Determine u(2).
3
Let r(f) = 18*f + 1318. Calculate r(-76).
-50
Let b(p) = p**3 - 26*p**2 - 69*p + 379. What is b(28)?
15
Let s(x) = -x**3 - 41*x**2 - 80*x - 84. What is s(-39)?
-6
Let k(y) = -19*y**2 - 48*y + 162. Give k(3).
-153
Let r(o) = -o**3 - 40*o**2 + 269*o - 285. What is r(-46)?
37
Let w(j) = 4*j - 100. What is w(-19)?
-176
Let u(a) = 29*a**3 - 18*a**2 + 32*a + 5. Give u(2).
229
Let t(u) = -4*u**2 - 96*u + 14. Give t(-26).
-194
Let i(p) = 2*p**2 + 9*p - 19. Calculate i(-8).
37
Let m(o) = 292*o - 1212. What is m(4)?
-44
Let p(d) = -5*d - 125. Give p(-25).
0
Let c(w) = -282*w**2 - 35*w + 1. Determine c(-1).
-246
Let n(h) = 34*h**3 - 105*h**2 + 6*h + 3. Calculate n(3).
-6
Let i(g) = 38*g - 2939. What is i(77)?
-13
Let f(t) = -158*t - 58. Determine f(2).
-374
Let l(w) = -3*w**3 + 68*w**2 - 50*w + 43. What is l(22)?
-89
Let n(a) = 9*a**2 + 36*a + 233. Calculate n(-7).
422
Let x(f) = -177*f - 706. Give x(-4).
2
Let d(q) = 2670*q - 16046. Give d(6).
-26
Let y(o) = o**3 + 11*o**2 - 129*o - 1. What is y(-18)?
53
Let r(z) = 42*z + 1281. What is r(-31)?
-21
Let k(q) = 2335*q - 2343. What is k(1)?
-8
Let q(x) = 946*x + 7552. Give q(-8).
-16
Let n(f) = f**2 + 441*f + 3464. Determine n(-8).
0
Let h(i) = -83*i**2 + 2490*i + 3. What is h(30)?
3
Let s(i) = i**2 + 122*i + 697. Determine s(-6).
1
Let g(z) = 68*z**2 + 208*z - 1. Determine g(-3).
-13
Let a(f) = -2*f**2 + 7*f - 1. Give a(-1).
-10
Let i(d) = d**2 + 43*d + 557. Give i(-17).
115
Let q(a) = 5*a - 255. Give q(-11).
-310
Let u(s) = s**3 + 5*s**2 - 82*s - 2. What is u(7)?
12
Let b(o) = 71*o - 5601. Calculate b(79).
8
Let b(m) = 23*m**2 + 12602*m - 12601. Determine b(1).
24
Let x(q) = 9*q + 3. Calculate x(5).
48
Let y(a) = -a**3 - 2*a**2 + 373*a - 1088. Calculate y(3).
-14
Let l(a) = a**3 + 21*a**2 + 70*a + 982. Calculate l(-20).
-18
Let v(x) = x**3 - 20*x**2 - 55*x + 230. Determine v(22).
-12
Let a(w) = -523*w**2 - 34*w + 3. Give a(1).
-554
Let d(p) = 2*p**2 - 31*p + 114. Calculate d(7).
-5
Let p(a) = 884*a - 6152. Give p(7).
36
Let b(v) = 2*v + 2. What is b(-8)